ivide 1844761?
False
Is 76 a factor of 80888?
False
Does 23 divide 106122?
True
Is 51 a factor of 144789?
True
Is 147485 a multiple of 46?
False
Is 1173378 a multiple of 6?
True
Does 5 divide 258760?
True
Does 203 divide 818293?
True
Is 814 a factor of 8620260?
True
Is 147 a factor of 6338346?
True
Is 110 a factor of 86489?
False
Does 7 divide 5797?
False
Does 24 divide 2069688?
True
Is 1477144 a multiple of 116?
True
Is 43775 a multiple of 6?
False
Does 13 divide 191360?
True
Is 211000 a multiple of 200?
True
Does 18 divide 181692?
True
Is 351256 a multiple of 529?
True
Is 2396394 a multiple of 546?
True
Does 11 divide 2828183?
False
Is 3066227 a multiple of 134?
False
Is 70608 a multiple of 8?
True
Is 2524608 a multiple of 108?
True
Does 14 divide 938826?
True
Is 535 a factor of 87740?
True
Is 31137 a multiple of 9?
False
Is 246700 a multiple of 39?
False
Does 5 divide 31720?
True
Is 144480 a multiple of 43?
True
Is 301275 a multiple of 45?
True
Does 12 divide 7534877?
False
Does 115 divide 126912?
False
Is 134205 a multiple of 11?
False
Does 469 divide 25619627?
False
Does 59 divide 247828?
False
Is 24 a factor of 8680776?
True
Is 127264 a multiple of 122?
False
Is 261 a factor of 256563?
True
Is 61 a factor of 860771?
True
Does 13 divide 87243?
True
Is 6 a factor of 226602?
True
Is 11 a factor of 15928?
True
Does 46 divide 110860?
True
Is 1090643 a multiple of 349?
False
Is 78588 a multiple of 11?
False
Does 226 divide 387671?
False
Does 51 divide 181495?
False
Does 80 divide 475276?
False
Does 20 divide 109700?
True
Is 76983 a multiple of 357?
False
Does 209 divide 42427?
True
Does 12 divide 5798481?
False
Does 119 divide 5390224?
True
Is 140 a factor of 479640?
True
Is 45 a factor of 3658500?
True
Is 3 a factor of 98457?
True
Does 26 divide 220324?
True
Is 101 a factor of 30673?
False
Is 394 a factor of 2771002?
True
Is 5745380 a multiple of 26?
False
Does 5 divide 6683?
False
Does 82 divide 1019529?
False
Is 944789 even?
False
Does 281 divide 6474071?
False
Is 1689708 a multiple of 9?
False
Is 437772 a multiple of 191?
True
Is 950085 a multiple of 215?
True
Does 12 divide 52740?
True
Is 368 a factor of 2738288?
True
Is 145824 a multiple of 224?
True
Does 27 divide 13579083?
True
Does 33 divide 575883?
True
Does 12 divide 7252905?
False
Is 59 a factor of 235223?
False
Is 38118 a multiple of 27?
False
Does 13 divide 5291?
True
Does 195 divide 699465?
True
Does 70 divide 11788770?
True
Is 4901715 a multiple of 91?
True
Is 26 a factor of 470184?
True
Does 401 divide 634783?
True
Is 40 a factor of 654280?
True
Does 32 divide 940626?
False
Is 1340068 a multiple of 214?
True
Does 49 divide 101928?
False
Is 88 a factor of 382448?
True
Does 28 divide 176848?
True
Does 698 divide 3408334?
True
Does 15 divide 1136906?
False
Is 185209 a multiple of 70?
False
Is 9 a factor of 46494?
True
Does 21 divide 1321908?
True
Does 13 divide 197470?
True
Does 12 divide 4850054?
False
Is 227 a factor of 2691738?
False
Is 101300 a multiple of 42?
False
Does 48 divide 119501?
False
Is 172 a factor of 990720?
True
Is 11069306 a multiple of 438?
False
Is 11804 a multiple of 264?
False
Does 206 divide 64204?
False
Is 23 a factor of 2420957?
True
Does 204 divide 1289280?
True
Is 27 a factor of 1759051?
False
Does 196 divide 917282?
False
Is 163888 a multiple of 178?
False
Does 13 divide 141414?
True
Is 577920 a multiple of 53?
False
Is 21 a factor of 128457?
True
Is 50 a factor of 2215450?
True
Is 3356102 a multiple of 254?
True
Is 26712 a multiple of 24?
True
Does 4 divide 111022?
False
Is 122826 a multiple of 33?
True
Does 285 divide 1050678?
False
Is 650368 a multiple of 171?
False
Does 20 divide 98856?
False
Is 24708320 a multiple of 16?
True
Does 360 divide 231272?
False
Does 353 divide 1143807?
False
Is 216 a factor of 2410490?
False
Is 102 a factor of 4795649?
False
Does 441 divide 11277540?
False
Does 7 divide 37219?
True
Is 461025 a multiple of 25?
True
Is 49 a factor of 1365875?
True
Is 99 a factor of 5307541?
False
Is 59 a factor of 49501?
True
Does 24 divide 6824436?
False
Is 25 a factor of 216243?
False
Is 102168 a multiple of 9?
True
Is 142 a factor of 1434292?
False
Is 24 a factor of 53088?
True
Is 10185362 a multiple of 10?
False
Is 10504780 a multiple of 130?
True
Does 74 divide 89540?
True
Is 87 a factor of 29434?
False
Is 20239331 a multiple of 7?
True
Is 859455 a multiple of 45?
True
Is 366 a factor of 1316868?
True
Is 419845 even?
False
Is 242900 a multiple of 50?
True
Is 40 a factor of 121159?
False
Is 237 a factor of 378489?
True
Is 1986331 a multiple of 33?
False
Is 441540 a multiple of 15?
True
Is 16033 a multiple of 2?
False
Is 36 a factor of 1449277?
False
Does 483 divide 376257?
True
Does 5 divide 152460?
True
Is 587317 a multiple of 151?
False
Does 3 divide 2708?
False
Is 1202607 a multiple of 21?
True
Is 5603940 a multiple of 20?
True
Is 869 a factor of 3069897?
False
Does 82 divide 125293?
False
Does 93 divide 629796?
True
Does 127 divide 255307?
False
Is 42833 a multiple of 29?
True
Is 644 a factor of 6634911?
False
Is 374 a factor of 52360?
True
Does 204 divide 655512?
False
Is 164 a factor of 1000400?
True
Is 1885224 a multiple of 222?
True
Does 7 divide 2209266?
False
Is 116 a factor of 163392?
False
Is 21 a factor of 7067132?
False
Does 37 divide 6768935?
False
Is 363191 a multiple of 30?
False
Does 17 divide 115357?
False
Is 77 a factor of 733074?
False
Is 724558 a multiple of 61?
True
Is 33 a factor of 139557?
True
Is 458608 a multiple of 132?
False
Is 95 a factor of 1052532?
False
Does 35 divide 1400?
True
Is 105446 a multiple of 27?
False
Is 456 a factor of 766992?
True
Is 424 a factor of 6942787?
False
Is 16 a factor of 46592?
True
Is 69797 a multiple of 59?
True
Is 1475153 a multiple of 77?
False
Does 308 divide 566510?
False
Is 13 a factor of 152971?
True
Does 64 divide 12303552?
True
Is 1220886 a multiple of 46?
True
Does 568 divide 2404090?
False
Is 13 a factor of 2099765?
False
Does 378 divide 2356830?
True
Does 400 divide 1016800?
True
Is 16 a factor of 3000592?
True
Is 794600 even?
True
Is 124 a factor of 381823?
False
Is 57456 a multiple of 399?
True
Is 730862 a multiple of 22?
True
Is 79760 a multiple of 80?
True
Is 337342 a multiple of 48?
False
Is 74711 a multiple of 8?
False
Is 239236 a multiple of 3?
False
Is 100280 a multiple of 71?
False
Is 809 a multiple of 8?
False
Is 52 a factor of 315640?
True
Is 25 a factor of 332450?
True
Is 9 a factor of 76339?
False
Is 3 a factor of 46109?
False
Is 1156439 a multiple of 102?
False
Is 9 a factor of 8338?
False
Does 380 divide 7430245?
False
Is 15 a factor of 3006405?
True
Is 212715 a multiple of 163?
True
Is 16 a factor of 4541072?
True
Is 3 a factor of 42349?
False
Is 8 a factor of 9334?
False
Is 3763962 a multiple of 720?
False
Does 9 divide 176939?
False
Does 98 divide 9692814?
False
Is 41 a factor of 928240?
True
Does 10 divide 13012990?
True
Does 78 divide 667524?
True
Is 8083221 a multiple of 14?
False
Is 1832183 a multiple of 85?
False
Is 1130129 a multiple of 33?
False
Does 824 divide 3127080?
True
Is 373192 a multiple of 8?
True
Does 204 divide 5824404?
True
Is 102669 a multiple of 21?
True
Is 67 a factor of 298911?
False
Is 82 a factor of 223942?
True
Is 653351 a multiple of 183?
False
Does 71 divide 822550?
False
Is 4743416 a multiple of 19?
False
Is 10 a factor of 91230?
True
Is 345263 a multiple of 133?
False
Is 11729861 a multiple of 316?
False
Is 4286664 a multiple of 12?
True
Does 2 divide 23928?
True
Is 49 a factor of 36945?
False
Is 67528 a multiple of 92?
True
Does 104 divide 99844?
False
Is 12 a factor of 23760?
True
Does 125 divide 467522?
False
Does 23 divide 199709?
True
Is 14009128 a multiple of 194?
True
Is 174372 a multiple of 322?
False
Is 54 a factor of 293328?
True
Is 32 a factor of 252384?
True
Does 45 divide 30401928?
False
Does 28 divide 1092?
True
Is 1400178 a multiple of 39?
True
Is 76 a factor of 4299344?
False
Is 1442984 a multiple of 8?
True
Does 294 divide 231672?
True
Does 26 divide 323258?
True
Is 1331036 a multiple of 28?
True
Is 12 a factor of 1599036?
True
Is 626833 a multiple of 27?
False
Is 1786604 a multiple of 277?
False
Is 51 a factor of 531557?
False
Is 64 a factor of 1368128?
True
Does 47 divide 37318?
True
Is 25125 a